{"id":4528,"date":"2023-01-11T08:48:33","date_gmt":"2023-01-11T12:48:33","guid":{"rendered":"https:\/\/pamec.energy\/acerca-de-pamec\/estructura-organizacional\/junta-directiva\/hector-garcia-nava\/"},"modified":"2023-01-11T09:26:38","modified_gmt":"2023-01-11T13:26:38","slug":"hector-garcia-nava","status":"publish","type":"page","link":"https:\/\/pamec.energy\/es\/acerca-de-pamec\/estructura-organizacional\/junta-directiva\/hector-garcia-nava\/","title":{"rendered":"H\u00e9ctor Garc\u00eda-Nava"},"content":{"rendered":"\n<h1 class=\"wp-block-heading\">Junta Directiva<\/h1>\n\n<div class=\"wp-block-media-text is-stacked-on-mobile is-vertically-aligned-center\" style=\"grid-template-columns:34% auto\"><figure class=\"wp-block-media-text__media\"><img fetchpriority=\"high\" decoding=\"async\" width=\"250\" height=\"250\" src=\"https:\/\/pamec.energy\/wp-content\/uploads\/2022\/04\/hector-e1673438982655.jpg\" alt=\"\" class=\"wp-image-3130 size-full\" srcset=\"https:\/\/pamec.energy\/wp-content\/uploads\/2022\/04\/hector-e1673438982655.jpg 250w, https:\/\/pamec.energy\/wp-content\/uploads\/2022\/04\/hector-e1673438982655-150x150.jpg 150w\" sizes=\"(max-width: 250px) 100vw, 250px\" \/><\/figure><div class=\"wp-block-media-text__content\">\n<div style=\"height:5px\" aria-hidden=\"true\" class=\"wp-block-spacer\"><\/div>\n\n\n\n<h2 class=\"wp-block-heading\">H\u00e9ctor Garc\u00eda-Nava<\/h2>\n\n\n\n<h3 class=\"wp-block-heading\">Director y Copresidente PAMEC 2022 Ensenada, M\u00e9xico<\/h3>\n\n\n\n<p><a href=\"mailto:hector.gnava@gmail.com\">hector.gnava@gmail.com<\/a><\/p>\n<\/div><\/div>\n\n<div class=\"wp-block-columns is-layout-flex wp-container-core-columns-is-layout-9d6595d7 wp-block-columns-is-layout-flex\">\n<div class=\"wp-block-column is-layout-flow wp-block-column-is-layout-flow\" style=\"flex-basis:100%\">\n<p>H\u00e9ctor Garc\u00eda-Nava es investigador cient\u00edfico y profesor de f\u00edsica y din\u00e1mica de ondas en la Universidad Aut\u00f3noma de Baja California (UABC), M\u00e9xico. Desde 2017 es jefe del Departamento de Oceanograf\u00eda F\u00edsica del Instituto de Investigaciones Oceanogr\u00e1ficas (IIO) de la UABC. Es doctor en Oceanograf\u00eda F\u00edsica, otorgado en 2011 por el Centro de Investigaci\u00f3n Cient\u00edfica y de Educaci\u00f3n Superior de Ensenada (CICESE).<\/p>\n\n\n\n<p>Sus principales intereses de investigaci\u00f3n est\u00e1n relacionados con las olas oce\u00e1nicas, entre ellos: aprovechamiento de la energ\u00eda de las olas, din\u00e1mica de las olas, efectos de las olas en la interacci\u00f3n aire-mar y procesos costeros. Es miembro de PAMEC desde 2020, tuvo un papel activo en la planificaci\u00f3n y promoci\u00f3n de PAMEC 2022 en Ensenada, M\u00e9xico, y desde entonces ha estado contribuyendo a la junta de PAMEC en diferentes niveles.<\/p>\n\n\n\n<p>Algunos reconocimientos que hab\u00eda recibido son: el premio \u00abFrancisco Medina Mart\u00ednez\u00bb a la mejor tesis doctoral en geociencias en 2011, por la Uni\u00f3n Geof\u00edsica Mexicana, ha sido distinguido como Investigador Cient\u00edfico Nacional nivel-1 por el Sistema Nacional de Investigadores del Consejo Mexicano de Ciencias y Tecnolog\u00eda (SNI-CONACyT) desde 2012 y como Profesor Distinguido por la Secretar\u00eda de Educaci\u00f3n P\u00fablica (SEP) desde 2014.<\/p>\n\n\n\n<p><a href=\"https:\/\/pamec.energy\/es\/acerca-de-pamec\/estructura-organizacional\/junta-directiva\/\" data-type=\"URL\" data-id=\"https:\/\/pamec.energy\/directors\/\"><\/a><a href=\"https:\/\/pamec.energy\/es\/acerca-de-pamec\/estructura-organizacional\/junta-directiva\/\">\u2190 Ir a Junta Directiva<\/a><\/p>\n<\/div>\n<\/div>\n","protected":false},"excerpt":{"rendered":"<p>Junta Directiva H\u00e9ctor Garc\u00eda-Nava es investigador cient\u00edfico y profesor de f\u00edsica y din\u00e1mica de ondas en la Universidad Aut\u00f3noma de Baja California (UABC), M\u00e9xico. Desde 2017 es jefe del Departamento de Oceanograf\u00eda F\u00edsica del Instituto de Investigaciones Oceanogr\u00e1ficas (IIO) de la UABC. Es doctor en Oceanograf\u00eda F\u00edsica, otorgado en 2011 por el Centro de Investigaci\u00f3n &#8230; <a title=\"H\u00e9ctor Garc\u00eda-Nava\" class=\"read-more\" href=\"https:\/\/pamec.energy\/es\/acerca-de-pamec\/estructura-organizacional\/junta-directiva\/hector-garcia-nava\/\" aria-label=\"Leer m\u00e1s sobre H\u00e9ctor Garc\u00eda-Nava\">Leer m\u00e1s<\/a><\/p>\n","protected":false},"author":3,"featured_media":0,"parent":2185,"menu_order":0,"comment_status":"closed","ping_status":"closed","template":"","meta":{"generate_page_header":"","footnotes":""},"class_list":["post-4528","page","type-page","status-publish"],"_links":{"self":[{"href":"https:\/\/pamec.energy\/es\/wp-json\/wp\/v2\/pages\/4528","targetHints":{"allow":["GET"]}}],"collection":[{"href":"https:\/\/pamec.energy\/es\/wp-json\/wp\/v2\/pages"}],"about":[{"href":"https:\/\/pamec.energy\/es\/wp-json\/wp\/v2\/types\/page"}],"author":[{"embeddable":true,"href":"https:\/\/pamec.energy\/es\/wp-json\/wp\/v2\/users\/3"}],"replies":[{"embeddable":true,"href":"https:\/\/pamec.energy\/es\/wp-json\/wp\/v2\/comments?post=4528"}],"version-history":[{"count":4,"href":"https:\/\/pamec.energy\/es\/wp-json\/wp\/v2\/pages\/4528\/revisions"}],"predecessor-version":[{"id":4532,"href":"https:\/\/pamec.energy\/es\/wp-json\/wp\/v2\/pages\/4528\/revisions\/4532"}],"up":[{"embeddable":true,"href":"https:\/\/pamec.energy\/es\/wp-json\/wp\/v2\/pages\/2185"}],"wp:attachment":[{"href":"https:\/\/pamec.energy\/es\/wp-json\/wp\/v2\/media?parent=4528"}],"curies":[{"name":"wp","href":"https:\/\/api.w.org\/{rel}","templated":true}]}}

Héctor García-Nava

<h1 class="wp-block-heading">Junta Directiva</h1>

<div class="wp-block-media-text is-stacked-on-mobile is-vertically-aligned-center" style="grid-template-columns:34% auto"><figure class="wp-block-media-text__media"><img fetchpriority="high" decoding="async" width="250" height="250" src="https://pamec.energy/wp-content/uploads/2022/04/hector-e1673438982655.jpg" alt="" class="wp-image-3130 size-full" srcset="https://pamec.energy/wp-content/uploads/2022/04/hector-e1673438982655.jpg 250w, https://pamec.energy/wp-content/uploads/2022/04/hector-e1673438982655-150x150.jpg 150w" sizes="(max-width: 250px) 100vw, 250px" /></figure><div class="wp-block-media-text__content">
<div style="height:5px" aria-hidden="true" class="wp-block-spacer"></div>



<h2 class="wp-block-heading">Héctor García-Nava</h2>



<h3 class="wp-block-heading">Director y Copresidente PAMEC 2022 Ensenada, México</h3>



<p><a href="mailto:hector.gnava@gmail.com">hector.gnava@gmail.com</a></p>
</div></div>

<div class="wp-block-columns is-layout-flex wp-container-core-columns-is-layout-9d6595d7 wp-block-columns-is-layout-flex">
<div class="wp-block-column is-layout-flow wp-block-column-is-layout-flow" style="flex-basis:100%">
<p>Héctor García-Nava es investigador científico y profesor de física y dinámica de ondas en la Universidad Autónoma de Baja California (UABC), México. Desde 2017 es jefe del Departamento de Oceanografía Física del Instituto de Investigaciones Oceanográficas (IIO) de la UABC. Es doctor en Oceanografía Física, otorgado en 2011 por el Centro de Investigación Científica y de Educación Superior de Ensenada (CICESE).</p>



<p>Sus principales intereses de investigación están relacionados con las olas oceánicas, entre ellos: aprovechamiento de la energía de las olas, dinámica de las olas, efectos de las olas en la interacción aire-mar y procesos costeros. Es miembro de PAMEC desde 2020, tuvo un papel activo en la planificación y promoción de PAMEC 2022 en Ensenada, México, y desde entonces ha estado contribuyendo a la junta de PAMEC en diferentes niveles.</p>



<p>Algunos reconocimientos que había recibido son: el premio «Francisco Medina Martínez» a la mejor tesis doctoral en geociencias en 2011, por la Unión Geofísica Mexicana, ha sido distinguido como Investigador Científico Nacional nivel-1 por el Sistema Nacional de Investigadores del Consejo Mexicano de Ciencias y Tecnología (SNI-CONACyT) desde 2012 y como Profesor Distinguido por la Secretaría de Educación Pública (SEP) desde 2014.</p>



<p><a href="https://pamec.energy/es/acerca-de-pamec/estructura-organizacional/junta-directiva/" data-type="URL" data-id="https://pamec.energy/directors/"></a><a href="https://pamec.energy/es/acerca-de-pamec/estructura-organizacional/junta-directiva/">← Ir a Junta Directiva</a></p>
</div>
</div>

<p>Junta Directiva Héctor García-Nava es investigador científico y profesor de física y dinámica de ondas en la Universidad Autónoma de Baja California (UABC), México. Desde 2017 es jefe del Departamento de Oceanografía Física del Instituto de Investigaciones Oceanográficas (IIO) de la UABC. Es doctor en Oceanografía Física, otorgado en 2011 por el Centro de Investigación &#8230; <a title="Héctor García-Nava" class="read-more" href="https://pamec.energy/es/acerca-de-pamec/estructura-organizacional/junta-directiva/hector-garcia-nava/" aria-label="Leer más sobre Héctor García-Nava">Leer más</a></p>
