{"id":9358,"date":"2026-01-28T14:03:02","date_gmt":"2026-01-28T18:03:02","guid":{"rendered":"https:\/\/pamec.energy\/lugar-de-la-conferencia\/"},"modified":"2026-03-26T21:31:36","modified_gmt":"2026-03-27T00:31:36","slug":"lugar-de-la-conferencia","status":"publish","type":"page","link":"https:\/\/pamec.energy\/es\/conferencia-panamericana-de-energia-marina-2026\/lugar-de-la-conferencia\/","title":{"rendered":"Lugar de la Conferencia y Hotel"},"content":{"rendered":"\t\t<div data-elementor-type=\"wp-page\" data-elementor-id=\"9358\" class=\"elementor elementor-9358 elementor-9351\">\n\t\t\t\t<div class=\"elementor-element elementor-element-68a12f4 e-flex e-con-boxed e-con e-parent\" data-id=\"68a12f4\" data-element_type=\"container\" data-e-type=\"container\">\n\t\t\t\t\t<div class=\"e-con-inner\">\n\t\t\t\t<div class=\"elementor-element elementor-element-4ba5137 elementor-widget elementor-widget-text-editor\" data-id=\"4ba5137\" data-element_type=\"widget\" data-e-type=\"widget\" data-widget_type=\"text-editor.default\">\n\t\t\t\t<div class=\"elementor-widget-container\">\n\t\t\t\t\t\t\t\t\t<p><img fetchpriority=\"high\" decoding=\"async\" class=\"aligncenter wp-image-8898 size-large\" src=\"https:\/\/pamec.energy\/wp-content\/uploads\/2025\/07\/3-1024x224.png\" alt=\"\" width=\"1024\" height=\"224\" srcset=\"https:\/\/pamec.energy\/wp-content\/uploads\/2025\/07\/3-1024x224.png 1024w, https:\/\/pamec.energy\/wp-content\/uploads\/2025\/07\/3-250x55.png 250w, https:\/\/pamec.energy\/wp-content\/uploads\/2025\/07\/3-768x168.png 768w, https:\/\/pamec.energy\/wp-content\/uploads\/2025\/07\/3-1536x336.png 1536w, https:\/\/pamec.energy\/wp-content\/uploads\/2025\/07\/3-2048x448.png 2048w\" sizes=\"(max-width: 1024px) 100vw, 1024px\" \/><\/p><p>PAMEC 2026 se celebrar\u00e1 en el Instituto de Posgrado e Investigaci\u00f3n en Ingenier\u00eda Alberto Luiz Coimbra (<u><a href=\"https:\/\/coppe.ufrj.br\/en\/about-us\/\" data-outlook-id=\"a9804e6a-ed3a-42ab-b78e-a18e177740c7\">COPPE<\/a><\/u>) en el campus de la Universidad Federal de R\u00edo de Janeiro (<u><a href=\"https:\/\/ufrj.br\/en\/\" data-outlook-id=\"bb31838a-08cb-4928-a045-9518c350661d\">UFRJ<\/a><\/u>).<\/p><p>Los Talleres Pre-Conferencia se celebrar\u00e1n el viernes 10 y el s\u00e1bado 11 de abril de 2026 en el hotel oficial de la conferencia, <a href=\"https:\/\/windsorhoteis.com\/hotel\/windsor-florida\/?l=EN\" target=\"_blank\" rel=\"noopener\">el Hotel Windsor Florida, <\/a>situado en R. Ferreira Viana, 81 &#8211; CEP 22210-040. Aseg\u00farate de utilizar el enlace, <a href=\"https:\/\/windsorhoteis.com\/hotel\/windsor-florida\/?l=EN\" target=\"_blank\" rel=\"noopener\">https:\/\/windsorhoteis.com\/hotel\/windsor-florida\/, <\/a>para aplicar el c\u00f3digo \u00abPAMEC\u00bb y recibir un 5% de descuento al reservar tu alojamiento.<\/p><p>Una lanzadera transportar\u00e1 a los delegados de ida y vuelta entre la sede de la conferencia y el Hotel Windsor Florida, con salida a las 7 de la ma\u00f1ana todos los d\u00edas.<\/p><p>La sede de la universidad se encuentra en<\/p><p>CT2-UFRJ<\/p><p>R. Moniz de Arag\u00e3o, 360 &#8211; Cidade Universit\u00e1ria<\/p><p>R\u00edo de Janeiro &#8211; RJ, 21941-594, Brasil<\/p><p><iframe style=\"border: 0;\" src=\"https:\/\/www.google.com\/maps\/embed?pb=!1m18!1m12!1m3!1d3676.337016287756!2d-43.2306652!3d-22.8640056!2m3!1f0!2f0!3f0!3m2!1i1024!2i768!4f13.1!3m3!1m2!1s0x99792e7f3b4163%3A0xa75263275c99db94!2sCT2-UFRJ!5e0!3m2!1spt-BR!2scr!4v1773086743452!5m2!1spt-BR!2scr\" width=\"600\" height=\"450\" allowfullscreen=\"allowfullscreen\"><\/iframe><\/p>\t\t\t\t\t\t\t\t<\/div>\n\t\t\t\t<\/div>\n\t\t\t\t\t<\/div>\n\t\t\t\t<\/div>\n\t\t\t\t<\/div>\n\t\t","protected":false},"excerpt":{"rendered":"<p>PAMEC 2026 se celebrar\u00e1 en el Instituto de Posgrado e Investigaci\u00f3n en Ingenier\u00eda Alberto Luiz Coimbra (COPPE) en el campus de la Universidad Federal de R\u00edo de Janeiro (UFRJ). Los Talleres Pre-Conferencia se celebrar\u00e1n el viernes 10 y el s\u00e1bado 11 de abril de 2026 en el hotel oficial de la conferencia, el Hotel Windsor &#8230; <a title=\"Lugar de la Conferencia y Hotel\" class=\"read-more\" href=\"https:\/\/pamec.energy\/es\/conferencia-panamericana-de-energia-marina-2026\/lugar-de-la-conferencia\/\" aria-label=\"Leer m\u00e1s sobre Lugar de la Conferencia y Hotel\">Leer m\u00e1s<\/a><\/p>\n","protected":false},"author":3,"featured_media":0,"parent":8832,"menu_order":0,"comment_status":"closed","ping_status":"closed","template":"","meta":{"generate_page_header":"","footnotes":""},"class_list":["post-9358","page","type-page","status-publish"],"_links":{"self":[{"href":"https:\/\/pamec.energy\/es\/wp-json\/wp\/v2\/pages\/9358","targetHints":{"allow":["GET"]}}],"collection":[{"href":"https:\/\/pamec.energy\/es\/wp-json\/wp\/v2\/pages"}],"about":[{"href":"https:\/\/pamec.energy\/es\/wp-json\/wp\/v2\/types\/page"}],"author":[{"embeddable":true,"href":"https:\/\/pamec.energy\/es\/wp-json\/wp\/v2\/users\/3"}],"replies":[{"embeddable":true,"href":"https:\/\/pamec.energy\/es\/wp-json\/wp\/v2\/comments?post=9358"}],"version-history":[{"count":17,"href":"https:\/\/pamec.energy\/es\/wp-json\/wp\/v2\/pages\/9358\/revisions"}],"predecessor-version":[{"id":9774,"href":"https:\/\/pamec.energy\/es\/wp-json\/wp\/v2\/pages\/9358\/revisions\/9774"}],"up":[{"embeddable":true,"href":"https:\/\/pamec.energy\/es\/wp-json\/wp\/v2\/pages\/8832"}],"wp:attachment":[{"href":"https:\/\/pamec.energy\/es\/wp-json\/wp\/v2\/media?parent=9358"}],"curies":[{"name":"wp","href":"https:\/\/api.w.org\/{rel}","templated":true}]}}

<div data-elementor-type="wp-page" data-elementor-id="9358" class="elementor elementor-9358 elementor-9351">
				<div class="elementor-element elementor-element-68a12f4 e-flex e-con-boxed e-con e-parent" data-id="68a12f4" data-element_type="container" data-e-type="container">
					<div class="e-con-inner">
				<div class="elementor-element elementor-element-4ba5137 elementor-widget elementor-widget-text-editor" data-id="4ba5137" data-element_type="widget" data-e-type="widget" data-widget_type="text-editor.default">
				<div class="elementor-widget-container">
									<p><img fetchpriority="high" decoding="async" class="aligncenter wp-image-8898 size-large" src="https://pamec.energy/wp-content/uploads/2025/07/3-1024x224.png" alt="" width="1024" height="224" srcset="https://pamec.energy/wp-content/uploads/2025/07/3-1024x224.png 1024w, https://pamec.energy/wp-content/uploads/2025/07/3-250x55.png 250w, https://pamec.energy/wp-content/uploads/2025/07/3-768x168.png 768w, https://pamec.energy/wp-content/uploads/2025/07/3-1536x336.png 1536w, https://pamec.energy/wp-content/uploads/2025/07/3-2048x448.png 2048w" sizes="(max-width: 1024px) 100vw, 1024px" /></p><p>PAMEC 2026 se celebrará en el Instituto de Posgrado e Investigación en Ingeniería Alberto Luiz Coimbra (<u><a href="https://coppe.ufrj.br/en/about-us/" data-outlook-id="a9804e6a-ed3a-42ab-b78e-a18e177740c7">COPPE</a></u>) en el campus de la Universidad Federal de Río de Janeiro (<u><a href="https://ufrj.br/en/" data-outlook-id="bb31838a-08cb-4928-a045-9518c350661d">UFRJ</a></u>).</p><p>Los Talleres Pre-Conferencia se celebrarán el viernes 10 y el sábado 11 de abril de 2026 en el hotel oficial de la conferencia, <a href="https://windsorhoteis.com/hotel/windsor-florida/?l=EN" target="_blank" rel="noopener">el Hotel Windsor Florida, </a>situado en R. Ferreira Viana, 81 &#8211; CEP 22210-040. Asegúrate de utilizar el enlace, <a href="https://windsorhoteis.com/hotel/windsor-florida/?l=EN" target="_blank" rel="noopener">https://windsorhoteis.com/hotel/windsor-florida/, </a>para aplicar el código «PAMEC» y recibir un 5% de descuento al reservar tu alojamiento.</p><p>Una lanzadera transportará a los delegados de ida y vuelta entre la sede de la conferencia y el Hotel Windsor Florida, con salida a las 7 de la mañana todos los días.</p><p>La sede de la universidad se encuentra en</p><p>CT2-UFRJ</p><p>R. Moniz de Aragão, 360 &#8211; Cidade Universitária</p><p>Río de Janeiro &#8211; RJ, 21941-594, Brasil</p><p><iframe style="border: 0;" src="https://www.google.com/maps/embed?pb=!1m18!1m12!1m3!1d3676.337016287756!2d-43.2306652!3d-22.8640056!2m3!1f0!2f0!3f0!3m2!1i1024!2i768!4f13.1!3m3!1m2!1s0x99792e7f3b4163%3A0xa75263275c99db94!2sCT2-UFRJ!5e0!3m2!1spt-BR!2scr!4v1773086743452!5m2!1spt-BR!2scr" width="600" height="450" allowfullscreen="allowfullscreen"></iframe></p>								</div>
				</div>
					</div>
				</div>
				</div>

<p>PAMEC 2026 se celebrará en el Instituto de Posgrado e Investigación en Ingeniería Alberto Luiz Coimbra (COPPE) en el campus de la Universidad Federal de Río de Janeiro (UFRJ). Los Talleres Pre-Conferencia se celebrarán el viernes 10 y el sábado 11 de abril de 2026 en el hotel oficial de la conferencia, el Hotel Windsor &#8230; <a title="Lugar de la Conferencia y Hotel" class="read-more" href="https://pamec.energy/es/conferencia-panamericana-de-energia-marina-2026/lugar-de-la-conferencia/" aria-label="Leer más sobre Lugar de la Conferencia y Hotel">Leer más</a></p>
